{"id":26585,"date":"2020-09-23T16:31:46","date_gmt":"2020-09-23T14:31:46","guid":{"rendered":"http:\/\/nerdenthum.de\/?page_id=26585"},"modified":"2020-10-06T15:36:52","modified_gmt":"2020-10-06T13:36:52","slug":"mitspieler-gesucht","status":"publish","type":"page","link":"https:\/\/nerdenthum.de\/index.php\/mitspieler-gesucht\/","title":{"rendered":"Mitspieler gesucht"},"content":{"rendered":"\n<h2 class=\"wp-block-heading\">Was ist ein Rollenspiel?<\/h2>\n\n\n\n<p>In einem Rollenspiel sitzt man zusammen an einem Tisch und erz\u00e4hlt zusammen eine Geschichte. Ein Spielleiter hat die Rahmenhandlung vorbereitet und die Spieler beeinflussen diese durch ihre Handlungen und Entscheidungen.<\/p>\n\n\n\n<p>Jeder Spieler verk\u00f6rpert einen Charakter mit bestimmten St\u00e4rken, Schw\u00e4chen und F\u00e4higkeiten. Diese werden durch Werte dar gestellt und im Spielverlauf gegen diese Werte gew\u00fcrfelt um den Erfolg bestimmter Handlungen zu ermitteln.<\/p>\n\n\n\n<h2 class=\"wp-block-heading\">Was ist Pathfinder?<\/h2>\n\n\n\n<p>Pathfinder ist ein Fantasy Rollenspiel das in der Welt Golarion spielt. Hier gibt es Elfen, Zwerge und Drachen, Magie und G\u00f6tter die ma\u00dfgeblich Einfluss auf die Geschehnisse nehmen. <\/p>\n\n\n\n<h2 class=\"wp-block-heading\">Was brauche ich um zu spielen?<\/h2>\n\n\n\n<ul class=\"wp-block-list\"><li>Phantasie<\/li><li>Papier und Stift<\/li><li>Mitspieler<\/li><li>Einen Spielleiter<\/li><\/ul>\n\n\n\n<p>Wenn Dir das Spiel Spa\u00df macht kannst Du ein wenig mehr investieren.<\/p>\n\n\n\n<ul class=\"wp-block-list\"><li>W\u00fcrfel<\/li><li>Die Regeln sind online frei verf\u00fcgbar (<a href=\"https:\/\/prd.pathfinder2.de\/\">https:\/\/prd.pathfinder2.de\/<\/a>)<\/li><li>Gedruckt sehen die nat\u00fcrlich besser aus.<\/li><\/ul>\n\n\n\n<h2 class=\"wp-block-heading\">Wie geht es weiter?<\/h2>\n\n\n\n<p>Wenn das hier Dein Interesse geweckt hat gibt es unterschiedliche Methoden mich zu kontaktieren:<\/p>\n\n\n\n<p>EMail: <a href=\"mailto:stefan@starocotes.de\">stefan@starocotes.de<\/a><br>Facebook: <a rel=\"noreferrer noopener\" href=\"https:\/\/www.facebook.com\/stefanimmel1968\" target=\"_blank\">https:\/\/www.facebook.com\/stefanimmel1968<\/a><br>WhatsApp: &nbsp;<a href=\"https:\/\/wa.me\/4915117463558?text=Ich%20interessiere%20mich%20f\u00fcr%20Pathfinder\" target=\"_blank\" rel=\"noreferrer noopener\">01511 7463558<\/a><\/p>\n\n\n\n<p>F\u00fcr das erste Kennenlernen und Spielen ist keinerlei Investition n\u00f6tig.<\/p>\n","protected":false},"excerpt":{"rendered":"<p>Was ist ein Rollenspiel? In einem Rollenspiel sitzt man zusammen an einem Tisch und erz\u00e4hlt zusammen eine Geschichte. Ein Spielleiter hat die Rahmenhandlung vorbereitet und die Spieler beeinflussen diese durch ihre Handlungen und Entscheidungen. Jeder Spieler verk\u00f6rpert einen Charakter mit bestimmten St\u00e4rken, Schw\u00e4chen und F\u00e4higkeiten. Diese werden durch Werte dar gestellt und im Spielverlauf gegen [&hellip;]<\/p>\n","protected":false},"author":1,"featured_media":0,"parent":0,"menu_order":0,"comment_status":"closed","ping_status":"closed","template":"","meta":{"ngg_post_thumbnail":0,"footnotes":""},"class_list":["post-26585","page","type-page","status-publish","hentry"],"jetpack_likes_enabled":true,"_links":{"self":[{"href":"https:\/\/nerdenthum.de\/index.php\/wp-json\/wp\/v2\/pages\/26585","targetHints":{"allow":["GET"]}}],"collection":[{"href":"https:\/\/nerdenthum.de\/index.php\/wp-json\/wp\/v2\/pages"}],"about":[{"href":"https:\/\/nerdenthum.de\/index.php\/wp-json\/wp\/v2\/types\/page"}],"author":[{"embeddable":true,"href":"https:\/\/nerdenthum.de\/index.php\/wp-json\/wp\/v2\/users\/1"}],"replies":[{"embeddable":true,"href":"https:\/\/nerdenthum.de\/index.php\/wp-json\/wp\/v2\/comments?post=26585"}],"version-history":[{"count":3,"href":"https:\/\/nerdenthum.de\/index.php\/wp-json\/wp\/v2\/pages\/26585\/revisions"}],"predecessor-version":[{"id":26711,"href":"https:\/\/nerdenthum.de\/index.php\/wp-json\/wp\/v2\/pages\/26585\/revisions\/26711"}],"wp:attachment":[{"href":"https:\/\/nerdenthum.de\/index.php\/wp-json\/wp\/v2\/media?parent=26585"}],"curies":[{"name":"wp","href":"https:\/\/api.w.org\/{rel}","templated":true}]}}