{"id":5075,"date":"2012-11-06T12:00:47","date_gmt":"2012-11-06T11:00:47","guid":{"rendered":"http:\/\/blog.starocotes.de\/?page_id=5075"},"modified":"2016-08-30T10:41:54","modified_gmt":"2016-08-30T08:41:54","slug":"marki","status":"publish","type":"page","link":"https:\/\/nerdenthum.de\/index.php\/ima\/film\/marki\/","title":{"rendered":"Iron Man R\u00fcstungen \/ Film \/ Mark I"},"content":{"rendered":"<p><a href=\"https:\/\/i0.wp.com\/nerdenthum.de\/wp-content\/uploads\/2012\/11\/MarkI0021.jpg\"><img data-recalc-dims=\"1\" loading=\"lazy\" decoding=\"async\" src=\"https:\/\/i0.wp.com\/nerdenthum.de\/wp-content\/uploads\/2012\/11\/MarkI0021.jpg?resize=300%2C200\" alt=\"IRON MAN\" width=\"300\" height=\"200\" class=\"alignright size-medium wp-image-6086\" srcset=\"https:\/\/i0.wp.com\/nerdenthum.de\/wp-content\/uploads\/2012\/11\/MarkI0021.jpg?resize=300%2C200&amp;ssl=1 300w, https:\/\/i0.wp.com\/nerdenthum.de\/wp-content\/uploads\/2012\/11\/MarkI0021.jpg?resize=768%2C512&amp;ssl=1 768w, https:\/\/i0.wp.com\/nerdenthum.de\/wp-content\/uploads\/2012\/11\/MarkI0021.jpg?resize=1024%2C683&amp;ssl=1 1024w, https:\/\/i0.wp.com\/nerdenthum.de\/wp-content\/uploads\/2012\/11\/MarkI0021.jpg?w=1280 1280w, https:\/\/i0.wp.com\/nerdenthum.de\/wp-content\/uploads\/2012\/11\/MarkI0021.jpg?w=1920 1920w\" sizes=\"auto, (max-width: 300px) 100vw, 300px\" \/><\/a>Als Tony Stark bei einer Waffendemonstration von einer seiner eigenen Waffe verletzt und von Terroristen gefangen genommen wird muss er sein Genie einsetzten um einen Weg aus dieser misslichen Lage zu finden. Eigentlich soll er eine Waffe f\u00fcr die Terroristen bauen, doch zusammen mit Yo Hinsen nutzt er die Gelegenheit und baut stattdessen den ersten Iron Man Anzug. <\/p>\n<p>Das wichtigste Bestandteil ist der ARK Reaktor, der allerdings nicht wirklich Teil des Anzugs ist, sondern in Tonys Brust implantiert. Er erzeugt Energie f\u00fcr einen Magneten der die Bombensplitter in Tonys Brust davon abhalten soll sein Herz zu erreichen. Doch da dies nicht viel Energie ben\u00f6tigt wird der Anzug kurzerhand erweitert. <\/p>\n<p><a href=\"https:\/\/i0.wp.com\/nerdenthum.de\/wp-content\/uploads\/2012\/11\/MarkI0011.jpg\"><img data-recalc-dims=\"1\" loading=\"lazy\" decoding=\"async\" src=\"https:\/\/i0.wp.com\/nerdenthum.de\/wp-content\/uploads\/2012\/11\/MarkI0011.jpg?resize=300%2C200\" alt=\"MarkI001[1]\" width=\"300\" height=\"200\" class=\"alignleft size-medium wp-image-6087\" srcset=\"https:\/\/i0.wp.com\/nerdenthum.de\/wp-content\/uploads\/2012\/11\/MarkI0011.jpg?resize=300%2C200&amp;ssl=1 300w, https:\/\/i0.wp.com\/nerdenthum.de\/wp-content\/uploads\/2012\/11\/MarkI0011.jpg?w=600&amp;ssl=1 600w\" sizes=\"auto, (max-width: 300px) 100vw, 300px\" \/><\/a>Prim\u00e4r dient der Mark I dem Schutz. Er besteht aus schweren Metallplatten und l\u00e4sst sich nur dank der vom ARK Reaktor betriebenen Motoren bewegen. Die einzige offensiven Waffen sind 2 Flammenwerfer in den Armen und ein einfacher Raketenwerfer. Da der Anzug die Flucht erm\u00f6glichen sollte war der Raketenantrieb in den Steifeln ebenfalls ein wichtiges Feature.<\/p>\n<p>Der Anzug diente dann sp\u00e4ter als Grundlage f\u00fcr die Weiterentwicklung sowohl der Iron Man R\u00fcstungen als auch des Iron Mongers.<br \/>\n<a href=\"https:\/\/i0.wp.com\/nerdenthum.de\/wp-content\/uploads\/2012\/11\/MarkI0031.png\"><img data-recalc-dims=\"1\" loading=\"lazy\" decoding=\"async\" src=\"https:\/\/i0.wp.com\/nerdenthum.de\/wp-content\/uploads\/2012\/11\/MarkI0031.png?resize=640%2C393\" alt=\"MarkI003[1]\" width=\"640\" height=\"393\" class=\"alignnone size-full wp-image-6088\" srcset=\"https:\/\/i0.wp.com\/nerdenthum.de\/wp-content\/uploads\/2012\/11\/MarkI0031.png?w=850&amp;ssl=1 850w, https:\/\/i0.wp.com\/nerdenthum.de\/wp-content\/uploads\/2012\/11\/MarkI0031.png?resize=300%2C184&amp;ssl=1 300w, https:\/\/i0.wp.com\/nerdenthum.de\/wp-content\/uploads\/2012\/11\/MarkI0031.png?resize=768%2C472&amp;ssl=1 768w\" sizes=\"auto, (max-width: 640px) 100vw, 640px\" \/><\/a><\/p>\n<p>Folgende R\u00fcstung: <a href=\"\/index.php\/ima\/film\/markii\/\" title=\"Iron Man R\u00fcstungen \/ Film \/ Mark II\">Mark II<\/a><\/p>\n","protected":false},"excerpt":{"rendered":"<p>Als Tony Stark bei einer Waffendemonstration von einer seiner eigenen Waffe verletzt und von Terroristen gefangen genommen wird muss er sein Genie einsetzten um einen Weg aus dieser misslichen Lage zu finden. Eigentlich soll er eine Waffe f\u00fcr die Terroristen bauen, doch zusammen mit Yo Hinsen nutzt er die Gelegenheit und baut stattdessen den ersten [&hellip;]<\/p>\n","protected":false},"author":1,"featured_media":5076,"parent":5072,"menu_order":0,"comment_status":"open","ping_status":"open","template":"","meta":{"ngg_post_thumbnail":0,"footnotes":""},"class_list":["post-5075","page","type-page","status-publish","has-post-thumbnail","hentry"],"jetpack_likes_enabled":true,"_links":{"self":[{"href":"https:\/\/nerdenthum.de\/index.php\/wp-json\/wp\/v2\/pages\/5075","targetHints":{"allow":["GET"]}}],"collection":[{"href":"https:\/\/nerdenthum.de\/index.php\/wp-json\/wp\/v2\/pages"}],"about":[{"href":"https:\/\/nerdenthum.de\/index.php\/wp-json\/wp\/v2\/types\/page"}],"author":[{"embeddable":true,"href":"https:\/\/nerdenthum.de\/index.php\/wp-json\/wp\/v2\/users\/1"}],"replies":[{"embeddable":true,"href":"https:\/\/nerdenthum.de\/index.php\/wp-json\/wp\/v2\/comments?post=5075"}],"version-history":[{"count":2,"href":"https:\/\/nerdenthum.de\/index.php\/wp-json\/wp\/v2\/pages\/5075\/revisions"}],"predecessor-version":[{"id":6085,"href":"https:\/\/nerdenthum.de\/index.php\/wp-json\/wp\/v2\/pages\/5075\/revisions\/6085"}],"up":[{"embeddable":true,"href":"https:\/\/nerdenthum.de\/index.php\/wp-json\/wp\/v2\/pages\/5072"}],"wp:featuredmedia":[{"embeddable":true,"href":"https:\/\/nerdenthum.de\/index.php\/wp-json\/"}],"wp:attachment":[{"href":"https:\/\/nerdenthum.de\/index.php\/wp-json\/wp\/v2\/media?parent=5075"}],"curies":[{"name":"wp","href":"https:\/\/api.w.org\/{rel}","templated":true}]}}